 the prime factors of 2387377.
23, 4513
What are the prime factors of 184326?
2, 3, 31, 991
What are the prime factors of 382471?
97, 3943
List the prime factors of 24908058.
2, 3, 7, 197683
What are the prime factors of 125715?
3, 5, 17, 29
List the prime factors of 139620.
2, 3, 5, 13, 179
List the prime factors of 10075643.
19, 530297
List the prime factors of 845866.
2, 7, 31, 1949
List the prime factors of 34761421.
137, 253733
List the prime factors of 166943.
7, 3407
What are the prime factors of 45917?
17, 37, 73
List the prime factors of 2508833.
2508833
What are the prime factors of 560566?
2, 241, 1163
What are the prime factors of 7154808?
2, 3, 241, 1237
What are the prime factors of 210780?
2, 3, 5, 1171
What are the prime factors of 3505955?
5, 29, 24179
List the prime factors of 643160.
2, 5, 7, 2297
What are the prime factors of 152985?
3, 5, 7, 31, 47
List the prime factors of 102647.
102647
What are the prime factors of 9261863?
13, 103, 6917
What are the prime factors of 630077?
7, 90011
List the prime factors of 191782.
2, 95891
List the prime factors of 12018333.
3, 53, 131, 577
What are the prime factors of 166435?
5, 33287
What are the prime factors of 6556?
2, 11, 149
List the prime factors of 311269.
7, 53, 839
List the prime factors of 2817778.
2, 1408889
List the prime factors of 344771.
7, 49253
List the prime factors of 248956.
2, 109, 571
List the prime factors of 133542.
2, 3, 2473
What are the prime factors of 1342257?
3, 7, 23, 397
What are the prime factors of 761385?
3, 5, 193, 263
What are the prime factors of 70189?
7, 37, 271
List the prime factors of 1848252.
2, 3, 7, 22003
What are the prime factors of 75565?
5, 7, 17, 127
What are the prime factors of 13656533?
11, 97, 12799
What are the prime factors of 119291?
119291
List the prime factors of 755400.
2, 3, 5, 1259
What are the prime factors of 30461?
83, 367
List the prime factors of 7296849.
3, 7, 115823
List the prime factors of 3191916.
2, 3, 7, 13, 37, 79
List the prime factors of 923292.
2, 3, 83, 103
List the prime factors of 390721.
390721
List the prime factors of 38432.
2, 1201
List the prime factors of 9267027.
3, 7, 11, 521
List the prime factors of 237140.
2, 5, 71, 167
List the prime factors of 214817.
214817
What are the prime factors of 541410?
2, 3, 5, 18047
What are the prime factors of 1724966?
2, 862483
What are the prime factors of 459172?
2, 7, 23, 31
List the prime factors of 33394328.
2, 11, 61, 6221
What are the prime factors of 1271121?
3, 423707
What are the prime factors of 2674272?
2, 3, 89, 313
What are the prime factors of 2837220?
2, 3, 5, 47287
List the prime factors of 4806589.
4806589
List the prime factors of 242819.
242819
What are the prime factors of 190573?
190573
What are the prime factors of 4017895?
5, 7, 114797
What are the prime factors of 4572062?
2, 11, 207821
List the prime factors of 100410.
2, 3, 5, 3347
What are the prime factors of 765476?
2, 17, 11257
List the prime factors of 37093919.
157, 191, 1237
What are the prime factors of 3475698?
2, 3, 579283
What are the prime factors of 410042?
2, 61, 3361
What are the prime factors of 3660785?
5, 732157
List the prime factors of 3767184.
2, 3, 26161
What are the prime factors of 349414?
2, 13, 89, 151
What are the prime factors of 5202179?
197, 26407
List the prime factors of 147347.
147347
What are the prime factors of 18927239?
17, 37, 30091
List the prime factors of 55159.
13, 4243
What are the prime factors of 1494201?
3, 173, 2879
What are the prime factors of 1113682?
2, 556841
What are the prime factors of 318565?
5, 13, 29
What are the prime factors of 285852?
2, 3, 7, 41, 83
List the prime factors of 30766511.
30766511
List the prime factors of 535128.
2, 3, 11, 2027
What are the prime factors of 5472637?
5472637
What are the prime factors of 971359?
23, 157, 269
List the prime factors of 992961.
3, 31, 3559
What are the prime factors of 170999?
307, 557
What are the prime factors of 2509511?
487, 5153
List the prime factors of 1330499.
1330499
List the prime factors of 1181540.
2, 5, 59077
List the prime factors of 770827.
163, 4729
What are the prime factors of 1539871?
29, 1831
List the prime factors of 288072.
2, 3, 4001
What are the prime factors of 6283105?
5, 1256621
What are the prime factors of 880031?
880031
List the prime factors of 345260.
2, 5, 61, 283
List the prime factors of 12782843.
547, 23369
What are the prime factors of 4576140?
2, 3, 5, 25423
List the prime factors of 40538953.
7, 13, 61, 67, 109
List the prime factors of 15707142.
2, 3, 11, 31, 853
List the prime factors of 1964038.
2, 67, 14657
What are the prime factors of 364278?
2, 3, 109, 557
What are the prime factors of 661283?
7, 17, 5557
What are the prime factors of 1223318?
2, 229, 2671
List the prime factors of 4186367.
131, 31957
List the prime factors of 103362.
2, 3, 7, 23, 107
List the prime factors of 133766.
2, 66883
List the prime factors of 5676530.
2, 5, 567653
What are the prime factors of 289062?
2, 3, 53, 101
What are the prime factors of 2713381?
11, 97, 2543
What are the prime factors of 64673?
7, 9239
List the prime factors of 13479512.
2, 19, 88681
What are the prime factors of 851636?
2, 212909
List the prime factors of 14900.
2, 5, 149
List the prime factors of 3537463.
59, 59957
What are the prime factors of 185580?
2, 3, 5, 1031
List the prime factors of 767848.
2, 41, 2341
What are the prime factors of 3068680?
2, 5, 76717
What are the prime factors of 3598919?
71, 173, 293
List the prime factors of 1819694.
2, 89, 10223
List the prime factors of 5341947.
3, 13, 136973
List the prime factors of 51438.
2, 3, 8573
List the prime factors of 5097452.
2, 1274363
List the prime factors of 487260.
2, 3, 5, 2707
What are the prime factors of 371335?
5, 23, 3229
What are the prime factors of 949134?
2, 3, 158189
List the prime factors of 18574020.
2, 3, 5, 19, 5431
List the prime factors of 19792510.
2, 5, 1979251
List the prime factors of 7138244.
2, 1784561
List the prime factors of 599636.
2, 149909
List the prime factors of 78978.
2, 3, 13163
What are the prime factors of 2219546?
2, 7, 23, 61, 113
List the prime factors of 648216.
2, 3, 3001
List the prime factors of 248265.
3, 5, 613
What are the prime factors of 267364?
2, 66841
What are the prime factors of 636695?
5, 29, 4391
What are the prime factors of 23588143?
3433, 6871
List the prime factors of 2214993.
3, 11, 67121
List the prime factors of 8490862.
2, 229, 18539
List the prime factors of 819863.
11, 73, 1021
List the prime factors of 7493580.
2, 3, 5, 13877
List the prime factors of 1058660.
2, 5, 43, 1231
What are the prime factors of 1146233?
11, 9473
What are the prime factors of 89973?
3, 13, 769
What are the prime factors of 1145975?
5, 23, 1993
What are the prime factors of 1116930?
2, 3, 5, 31, 1201
What are the prime factors of 175395?
3, 5, 11, 1063
What are the prime factors of 173130?
2, 3, 5, 29, 199
What are the prime factors of 5386058?
2, 1531, 1759
What are the prime factors of 419504?
2, 157, 167
List the prime factors of 3701533.
11, 336503
List the prime factors of 6481801.
967, 6703
What are the prime factors of 32628029?
7, 733, 6359
What are the prime factors of 268876?
2, 67219
List the prime factors of 35299.
11, 3209
What are the prime factors of 117916?
2, 41, 719
What are the prime factors of 3136842?
2, 3, 229, 761
List the prime factors of 859710.
2, 3, 5, 28657
What are the prime factors of 2674407?
3, 173, 5153
List the prime factors of 1370125.
5, 97, 113
List the prime factors of 6283707.
3, 2094569
What are the prime factors of 6199654?
2, 43, 72089
What are the prime factors of 16498?
2, 73, 113
What are the prime factors of 32303761?
7, 193, 23911
What are the prime factors of 42295?
5, 11, 769
What are the prime factors of 20358668?
2, 11, 462697
List the prime factors of 5822293.
139, 41887
What are the prime factors of 1434461?
7, 204923
What are the prime factors of 274622?
2, 61, 2251
List the prime factors of 10306963.
53, 194471
List the prime factors of 2621866.
2, 13, 7757
List the prime factors of 249404.
2, 62351
What are the prime factors of 6369881?
7, 167, 5449
What are the prime factors of 3081?
3, 13, 79
List the prime facto